{"id":4267,"date":"2014-09-24T17:23:11","date_gmt":"2014-09-24T15:23:11","guid":{"rendered":"http:\/\/wirth-vm.de\/?page_id=4267"},"modified":"2015-03-22T20:12:56","modified_gmt":"2015-03-22T18:12:56","slug":"kontakt-2","status":"publish","type":"page","link":"https:\/\/wirth-vm.de\/?page_id=4267","title":{"rendered":"Kontakt"},"content":{"rendered":"<div  class=\"vc_row wpb_row vc_row-fluid  \" ><div class=\"clr  \" >\n\t<div class=\"vc_col-sm-6 wpb_column column_container   \"><div class=\"clr \" >\n\t\t\t\n\t<div class=\"wpb_text_column wpb_content_element \">\n\t\t<div class=\"wpb_wrapper\">\n\t\t\t<p><span style=\"font-size: 18px;\"><strong>Uns k\u00f6nnen Sie immer telefonisch erreichen :<\/strong><\/span><\/p>\n<p>Wirth GmbH<br \/>\nVersicherungsmakler f\u00fcr Gewerbe und Industrie<\/p>\n<p>Gesch\u00e4ftsf\u00fchrerin:<br \/>\n<strong>Dipl.-Math Andrea Wirth<\/strong><\/p>\n<p>Am Pfarrwald 21 A<br \/>\n09557 Fl\u00f6ha<\/p>\n<p><em>Telefon:<\/em>\u00a0 03726 720973<br \/>\n<em>Tefefax:<\/em>\u00a0 03726 720974<br \/>\n<em>Mobil:<\/em>\u00a0\u00a0\u00a0\u00a0 0160 96255030<br \/>\n<em>Email:<\/em>\u00a0\u00a0\u00a0\u00a0 <a href=\"mailto:info@wirth-vm.de\">info@wirth-vm.de<\/a><\/p>\n\n\t\t<\/div> \n\t<\/div> <\/div>\n\t<\/div> \n\n\t<div class=\"vc_col-sm-6 wpb_column column_container   \"><div class=\"clr \" >\n\t\t\t\n\t<div class=\"wpb_raw_code wpb_content_element wpb_raw_html\">\n\t\t<div class=\"wpb_wrapper\">\n\t\t\t<iframe src=\"https:\/\/www.google.com\/maps\/embed?pb=!1m18!1m12!1m3!1d2518.0458995742088!2d13.083630000000001!3d50.867349999999924!2m3!1f0!2f0!3f0!3m2!1i1024!2i768!4f13.1!3m3!1m2!1s0x47a743544265c3f3%3A0x6d7b84e77fc5937f!2sAm+Pfarrwald+21A%2C+09557+Fl%C3%B6ha!5e0!3m2!1sde!2sde!4v1411572122152\" width=\"400\" height=\"300\" frameborder=\"0\" style=\"border:0\"><\/iframe>\n\t\t<\/div> \n\t<\/div> <\/div>\n\t<\/div> \n<\/div><\/div>\n","protected":false},"excerpt":{"rendered":"Uns k\u00f6nnen Sie immer telefonisch erreichen : Wirth GmbH Versicherungsmakler f\u00fcr Gewerbe und Industrie Gesch\u00e4ftsf\u00fchrerin: Dipl.-Math Andrea Wirth Am Pfarrwald 21 A 09557 Fl\u00f6ha Telefon:\u00a0 03726 720973 Tefefax:\u00a0 03726 720974 Mobil:\u00a0\u00a0\u00a0\u00a0 0160 96255030 Email:\u00a0\u00a0\u00a0\u00a0 info@wirth-vm.de","protected":false},"author":3,"featured_media":0,"parent":4516,"menu_order":1,"comment_status":"closed","ping_status":"closed","template":"","meta":[],"_links":{"self":[{"href":"https:\/\/wirth-vm.de\/index.php?rest_route=\/wp\/v2\/pages\/4267"}],"collection":[{"href":"https:\/\/wirth-vm.de\/index.php?rest_route=\/wp\/v2\/pages"}],"about":[{"href":"https:\/\/wirth-vm.de\/index.php?rest_route=\/wp\/v2\/types\/page"}],"author":[{"embeddable":true,"href":"https:\/\/wirth-vm.de\/index.php?rest_route=\/wp\/v2\/users\/3"}],"replies":[{"embeddable":true,"href":"https:\/\/wirth-vm.de\/index.php?rest_route=%2Fwp%2Fv2%2Fcomments&post=4267"}],"version-history":[{"count":11,"href":"https:\/\/wirth-vm.de\/index.php?rest_route=\/wp\/v2\/pages\/4267\/revisions"}],"predecessor-version":[{"id":4481,"href":"https:\/\/wirth-vm.de\/index.php?rest_route=\/wp\/v2\/pages\/4267\/revisions\/4481"}],"up":[{"embeddable":true,"href":"https:\/\/wirth-vm.de\/index.php?rest_route=\/wp\/v2\/pages\/4516"}],"wp:attachment":[{"href":"https:\/\/wirth-vm.de\/index.php?rest_route=%2Fwp%2Fv2%2Fmedia&parent=4267"}],"curies":[{"name":"wp","href":"https:\/\/api.w.org\/{rel}","templated":true}]}}

<div  class="vc_row wpb_row vc_row-fluid  " ><div class="clr  " >
	<div class="vc_col-sm-6 wpb_column column_container   "><div class="clr " >
			
	<div class="wpb_text_column wpb_content_element ">
		<div class="wpb_wrapper">
			<p><span style="font-size: 18px;"><strong>Uns können Sie immer telefonisch erreichen :</strong></span></p>
<p>Wirth GmbH<br />
Versicherungsmakler für Gewerbe und Industrie</p>
<p>Geschäftsführerin:<br />
<strong>Dipl.-Math Andrea Wirth</strong></p>
<p>Am Pfarrwald 21 A<br />
09557 Flöha</p>
<p><em>Telefon:</em>  03726 720973<br />
<em>Tefefax:</em>  03726 720974<br />
<em>Mobil:</em>     0160 96255030<br />
<em>Email:</em>     <a href="mailto:info@wirth-vm.de">info@wirth-vm.de</a></p>

		</div> 
	</div> </div>
	</div> 

	<div class="vc_col-sm-6 wpb_column column_container   "><div class="clr " >
			
	<div class="wpb_raw_code wpb_content_element wpb_raw_html">
		<div class="wpb_wrapper">
			<iframe src="https://www.google.com/maps/embed?pb=!1m18!1m12!1m3!1d2518.0458995742088!2d13.083630000000001!3d50.867349999999924!2m3!1f0!2f0!3f0!3m2!1i1024!2i768!4f13.1!3m3!1m2!1s0x47a743544265c3f3%3A0x6d7b84e77fc5937f!2sAm+Pfarrwald+21A%2C+09557+Fl%C3%B6ha!5e0!3m2!1sde!2sde!4v1411572122152" width="400" height="300" frameborder="0" style="border:0"></iframe>
		</div> 
	</div> </div>
	</div> 
</div></div>

Uns können Sie immer telefonisch erreichen : Wirth GmbH Versicherungsmakler für Gewerbe und Industrie Geschäftsführerin: Dipl.-Math Andrea Wirth Am Pfarrwald 21 A 09557 Flöha Telefon:  03726 720973 Tefefax:  03726 720974 Mobil:     0160 96255030 Email:     info@wirth-vm.de
