{"id":4219,"date":"2014-09-24T15:58:48","date_gmt":"2014-09-24T13:58:48","guid":{"rendered":"http:\/\/wirth-vm.de\/?page_id=4219"},"modified":"2015-03-24T16:02:12","modified_gmt":"2015-03-24T14:02:12","slug":"das-team","status":"publish","type":"page","link":"https:\/\/wirth-vm.de\/?page_id=4219","title":{"rendered":"Das Team"},"content":{"rendered":"<div  class=\"vc_row wpb_row vc_row-fluid  \" ><div class=\"clr  \" >\n\t<div class=\"vc_col-sm-3 wpb_column column_container   \"><div class=\"clr \" >\n\t\t\t\n\t<div class=\"wpb_text_column wpb_content_element \">\n\t\t<div class=\"wpb_wrapper\">\n\t\t\t<p><span style=\"font-size: 16px;\"><strong>Dipl. \u2013Math. Andrea Wirth<\/strong><\/span><\/p>\n<p><a href=\"https:\/\/wirth-vm.de\/wp-content\/uploads\/2014\/09\/Wirth-36.jpg\"><img loading=\"lazy\" class=\"alignnone size-medium wp-image-4364\" src=\"https:\/\/wirth-vm.de\/wp-content\/uploads\/2014\/09\/Wirth-36-200x300.jpg\" alt=\"Wirth (36)\" width=\"200\" height=\"300\" srcset=\"https:\/\/wirth-vm.de\/wp-content\/uploads\/2014\/09\/Wirth-36-200x300.jpg 200w, https:\/\/wirth-vm.de\/wp-content\/uploads\/2014\/09\/Wirth-36.jpg 512w\" sizes=\"(max-width: 200px) 100vw, 200px\" \/><\/a><\/p>\n\n\t\t<\/div> \n\t<\/div> \n\t<div class=\"wpb_text_column wpb_content_element \">\n\t\t<div class=\"wpb_wrapper\">\n\t\t\t\n\t\t<\/div> \n\t<\/div> <\/div>\n\t<\/div> \n\n\t<div class=\"vc_col-sm-3 wpb_column column_container   \"><div class=\"clr \" >\n\t\t\t\n\t<div class=\"wpb_text_column wpb_content_element \">\n\t\t<div class=\"wpb_wrapper\">\n\t\t\t<p>&nbsp;<\/p>\n<p><strong>Aufgabe:<\/strong> Gesch\u00e4ftsf\u00fchrung<\/p>\n<p>\u201eF\u00fcr die Betreuung der Mandanten im Au\u00dfendienst verantwortlich; Hauptaugenmerk den Gesch\u00e4ftsf\u00fchrern der Unternehmen Risiken strukturiert aufzuzeigen und dahingehen Versicherungsm\u00f6glichkeiten anzubieten.\u201c<\/p>\n<p><strong>Seit wann:<\/strong> 1991<\/p>\n\n\t\t<\/div> \n\t<\/div> <\/div>\n\t<\/div> \n\n\t<div class=\"vc_col-sm-3 wpb_column column_container   \"><div class=\"clr \" >\n\t\t\t\n\t<div class=\"wpb_text_column wpb_content_element \">\n\t\t<div class=\"wpb_wrapper\">\n\t\t\t<p><span style=\"font-size: 16px;\"><strong>Petra Schubert<\/strong><\/span><\/p>\n<p><a href=\"https:\/\/wirth-vm.de\/wp-content\/uploads\/2014\/09\/Wirth-531.jpg\"><img loading=\"lazy\" class=\"alignnone size-medium wp-image-4388\" src=\"https:\/\/wirth-vm.de\/wp-content\/uploads\/2014\/09\/Wirth-531-249x300.jpg\" alt=\"Wirth (53)\" width=\"249\" height=\"300\" srcset=\"https:\/\/wirth-vm.de\/wp-content\/uploads\/2014\/09\/Wirth-531-249x300.jpg 249w, https:\/\/wirth-vm.de\/wp-content\/uploads\/2014\/09\/Wirth-531.jpg 441w\" sizes=\"(max-width: 249px) 100vw, 249px\" \/><\/a><\/p>\n\n\t\t<\/div> \n\t<\/div> <\/div>\n\t<\/div> \n\n\t<div class=\"vc_col-sm-3 wpb_column column_container   \"><div class=\"clr \" >\n\t\t\t\n\t<div class=\"wpb_text_column wpb_content_element \">\n\t\t<div class=\"wpb_wrapper\">\n\t\t\t<p>&nbsp;<\/p>\n<p><strong>Aufgabe:<\/strong> B\u00fcroleitung<\/p>\n<p>\u201eSie ist der Ansprechpartner im Innendienst f\u00fcr unsere Kunden. Stets erreichbar, ist Sie die Anlaufstelle f\u00fcr alle kleinen wie gro\u00dfen Probleme und kl\u00e4rt diese kurzfristig.\u201c<\/p>\n<p><strong>Seit wann:<\/strong> 2007<\/p>\n\n\t\t<\/div> \n\t<\/div> <\/div>\n\t<\/div> \n<\/div><\/div><div  class=\"vc_row wpb_row vc_row-fluid  \" ><div class=\"clr  \" >\n\t<div class=\"vc_col-sm-6 wpb_column column_container   \"><div class=\"clr \" >\n\t\t\t\n\t<div class=\"wpb_text_column wpb_content_element \">\n\t\t<div class=\"wpb_wrapper\">\n\t\t\t<p><strong>Eigene Philosophie:<\/strong><\/p>\n<blockquote><p>\n\u201eIch seh mich als Probleml\u00f6ser f\u00fcr die Firma; desto schwieriger der Fall, desto interessanter die L\u00f6sung. Wir versichern auch schier Unm\u00f6gliches.\u201c\n<\/p><\/blockquote>\n\n\t\t<\/div> \n\t<\/div> <\/div>\n\t<\/div> \n\n\t<div class=\"vc_col-sm-6 wpb_column column_container   \"><div class=\"clr \" >\n\t\t\t\n\t<div class=\"wpb_text_column wpb_content_element \">\n\t\t<div class=\"wpb_wrapper\">\n\t\t\t<p><strong>Eigene Philosophie:<\/strong><\/p>\n<blockquote><p>\n\u201eIch liebe den Umgang mit den Menschen und habe f\u00fcr sie immer ein offenes Ohr. Ob Schaden- oder Vertragsangelegenheiten, ich kl\u00e4re dies mit Sachverstand und finde eine L\u00f6sung. Kundenzufriedenheit und Vertrauen stehen bei mir an erster Stelle.\u201c\n<\/p><\/blockquote>\n\n\t\t<\/div> \n\t<\/div> <\/div>\n\t<\/div> \n<\/div><\/div>\n","protected":false},"excerpt":{"rendered":"Dipl. \u2013Math. Andrea Wirth &nbsp; Aufgabe: Gesch\u00e4ftsf\u00fchrung \u201eF\u00fcr die Betreuung der Mandanten im Au\u00dfendienst verantwortlich; Hauptaugenmerk den Gesch\u00e4ftsf\u00fchrern der Unternehmen Risiken strukturiert aufzuzeigen und dahingehen Versicherungsm\u00f6glichkeiten anzubieten.\u201c Seit wann: 1991 Petra Schubert &nbsp; Aufgabe: B\u00fcroleitung \u201eSie ist der Ansprechpartner im Innendienst f\u00fcr unsere Kunden. Stets erreichbar, ist Sie die Anlaufstelle f\u00fcr alle kleinen wie gro\u00dfen Probleme und kl\u00e4rt diese kurzfristig.\u201c Seit wann: 2007 Eigene Philosophie:...","protected":false},"author":3,"featured_media":0,"parent":4510,"menu_order":2,"comment_status":"closed","ping_status":"closed","template":"","meta":[],"_links":{"self":[{"href":"https:\/\/wirth-vm.de\/index.php?rest_route=\/wp\/v2\/pages\/4219"}],"collection":[{"href":"https:\/\/wirth-vm.de\/index.php?rest_route=\/wp\/v2\/pages"}],"about":[{"href":"https:\/\/wirth-vm.de\/index.php?rest_route=\/wp\/v2\/types\/page"}],"author":[{"embeddable":true,"href":"https:\/\/wirth-vm.de\/index.php?rest_route=\/wp\/v2\/users\/3"}],"replies":[{"embeddable":true,"href":"https:\/\/wirth-vm.de\/index.php?rest_route=%2Fwp%2Fv2%2Fcomments&post=4219"}],"version-history":[{"count":16,"href":"https:\/\/wirth-vm.de\/index.php?rest_route=\/wp\/v2\/pages\/4219\/revisions"}],"predecessor-version":[{"id":4524,"href":"https:\/\/wirth-vm.de\/index.php?rest_route=\/wp\/v2\/pages\/4219\/revisions\/4524"}],"up":[{"embeddable":true,"href":"https:\/\/wirth-vm.de\/index.php?rest_route=\/wp\/v2\/pages\/4510"}],"wp:attachment":[{"href":"https:\/\/wirth-vm.de\/index.php?rest_route=%2Fwp%2Fv2%2Fmedia&parent=4219"}],"curies":[{"name":"wp","href":"https:\/\/api.w.org\/{rel}","templated":true}]}}

<div  class="vc_row wpb_row vc_row-fluid  " ><div class="clr  " >
	<div class="vc_col-sm-3 wpb_column column_container   "><div class="clr " >
			
	<div class="wpb_text_column wpb_content_element ">
		<div class="wpb_wrapper">
			<p><span style="font-size: 16px;"><strong>Dipl. –Math. Andrea Wirth</strong></span></p>
<p><a href="https://wirth-vm.de/wp-content/uploads/2014/09/Wirth-36.jpg"><img loading="lazy" class="alignnone size-medium wp-image-4364" src="https://wirth-vm.de/wp-content/uploads/2014/09/Wirth-36-200x300.jpg" alt="Wirth (36)" width="200" height="300" srcset="https://wirth-vm.de/wp-content/uploads/2014/09/Wirth-36-200x300.jpg 200w, https://wirth-vm.de/wp-content/uploads/2014/09/Wirth-36.jpg 512w" sizes="(max-width: 200px) 100vw, 200px" /></a></p>

		</div> 
	</div> 
	<div class="wpb_text_column wpb_content_element ">
		<div class="wpb_wrapper">
			
		</div> 
	</div> </div>
	</div> 

	<div class="vc_col-sm-3 wpb_column column_container   "><div class="clr " >
			
	<div class="wpb_text_column wpb_content_element ">
		<div class="wpb_wrapper">
			<p>&nbsp;</p>
<p><strong>Aufgabe:</strong> Geschäftsführung</p>
<p>„Für die Betreuung der Mandanten im Außendienst verantwortlich; Hauptaugenmerk den Geschäftsführern der Unternehmen Risiken strukturiert aufzuzeigen und dahingehen Versicherungsmöglichkeiten anzubieten.“</p>
<p><strong>Seit wann:</strong> 1991</p>

		</div> 
	</div> </div>
	</div> 

	<div class="vc_col-sm-3 wpb_column column_container   "><div class="clr " >
			
	<div class="wpb_text_column wpb_content_element ">
		<div class="wpb_wrapper">
			<p><span style="font-size: 16px;"><strong>Petra Schubert</strong></span></p>
<p><a href="https://wirth-vm.de/wp-content/uploads/2014/09/Wirth-531.jpg"><img loading="lazy" class="alignnone size-medium wp-image-4388" src="https://wirth-vm.de/wp-content/uploads/2014/09/Wirth-531-249x300.jpg" alt="Wirth (53)" width="249" height="300" srcset="https://wirth-vm.de/wp-content/uploads/2014/09/Wirth-531-249x300.jpg 249w, https://wirth-vm.de/wp-content/uploads/2014/09/Wirth-531.jpg 441w" sizes="(max-width: 249px) 100vw, 249px" /></a></p>

		</div> 
	</div> </div>
	</div> 

	<div class="vc_col-sm-3 wpb_column column_container   "><div class="clr " >
			
	<div class="wpb_text_column wpb_content_element ">
		<div class="wpb_wrapper">
			<p>&nbsp;</p>
<p><strong>Aufgabe:</strong> Büroleitung</p>
<p>„Sie ist der Ansprechpartner im Innendienst für unsere Kunden. Stets erreichbar, ist Sie die Anlaufstelle für alle kleinen wie großen Probleme und klärt diese kurzfristig.“</p>
<p><strong>Seit wann:</strong> 2007</p>

		</div> 
	</div> </div>
	</div> 
</div></div><div  class="vc_row wpb_row vc_row-fluid  " ><div class="clr  " >
	<div class="vc_col-sm-6 wpb_column column_container   "><div class="clr " >
			
	<div class="wpb_text_column wpb_content_element ">
		<div class="wpb_wrapper">
			<p><strong>Eigene Philosophie:</strong></p>
<blockquote><p>
„Ich seh mich als Problemlöser für die Firma; desto schwieriger der Fall, desto interessanter die Lösung. Wir versichern auch schier Unmögliches.“
</p></blockquote>

		</div> 
	</div> </div>
	</div> 

	<div class="vc_col-sm-6 wpb_column column_container   "><div class="clr " >
			
	<div class="wpb_text_column wpb_content_element ">
		<div class="wpb_wrapper">
			<p><strong>Eigene Philosophie:</strong></p>
<blockquote><p>
„Ich liebe den Umgang mit den Menschen und habe für sie immer ein offenes Ohr. Ob Schaden- oder Vertragsangelegenheiten, ich kläre dies mit Sachverstand und finde eine Lösung. Kundenzufriedenheit und Vertrauen stehen bei mir an erster Stelle.“
</p></blockquote>

		</div> 
	</div> </div>
	</div> 
</div></div>

Dipl. –Math. Andrea Wirth &nbsp; Aufgabe: Geschäftsführung „Für die Betreuung der Mandanten im Außendienst verantwortlich; Hauptaugenmerk den Geschäftsführern der Unternehmen Risiken strukturiert aufzuzeigen und dahingehen Versicherungsmöglichkeiten anzubieten.“ Seit wann: 1991 Petra Schubert &nbsp; Aufgabe: Büroleitung „Sie ist der Ansprechpartner im Innendienst für unsere Kunden. Stets erreichbar, ist Sie die Anlaufstelle für alle kleinen wie großen Probleme und klärt diese kurzfristig.“ Seit wann: 2007 Eigene Philosophie:...
